).
-69
Evaluate -47 + (-48 - -11) + 44 - -50.
10
0 + -2 - (3 + -1 + -1) - (21184 - 21154)
-33
What is the value of -4 + -1 + (-735 - -771 - (18 + 0))?
13
What is the value of -1755 - -1769 - (0 + -4 + (1 + 5 - 108))?
120
What is -2 + -2 - (-12 + 8) - (-18 + -97)?
115
Calculate -26 - (-12 + 13 + 8 + 4 + -14).
-25
Calculate 120 - (-9 + 18 + 62).
49
What is -3 - (1 - 3) - 1 - (10 - (-52 + 69))?
5
What is the value of -38 + 6 + -11 + 23?
-20
What is (-17 - -19) + (4 - 14) + 16 - -29?
37
What is the value of (50 - (89 + -12)) + 1?
-26
Calculate (-8 + -18 - (-11 - -8)) + 116.
93
What is 5 - (-48 + 31 - -33) - (-1 + -91)?
81
43 + (49 - 166) - -50
-24
Evaluate 228 + 6 + -52 + -47 + -20 + 0.
115
Calculate 12 + ((16 - (13 - 5)) + 11 - -2).
33
Evaluate (11 - (0 + 2)) + (227 - 245).
-9
What is the value of 49 - (-7 + -9 + -15 + 6)?
74
-19 + 31 + -96 - (-9 + 37)
-112
What is (1 + -13 - (-14 - -55 - 20)) + -8?
-41
What is the value of 12 + (11 - (11 + 2 - 1)) + 9?
20
Calculate -63 - 16 - ((17 - 1) + -30 + 6).
-71
Evaluate (12 - -8) + -43 + 155 + -26.
106
What is the value of (-12 - (25 + 30)) + 49?
-18
Calculate 17 + -2 + -13 - (20 + -18) - (-4 + 1).
3
Calculate -10997 + 11147 - (149 + 1).
0
What is the value of (-53 + -3 - (12 + 2 - 24)) + 1?
-45
What is -8 + 29 + (6 - 14 - 53)?
-40
What is the value of 12 - ((-118 - -120) + -94 + (-1 - 20))?
125
Evaluate 65 - ((4 - (-1 - 0)) + (-10 - -7) - 5).
68
Evaluate -3 + -9 - (21 - (63 - -2)).
32
What is 4 + 1 + (-23 - (-20 - -18) - (-162 + 24))?
122
What is the value of (-4 - 51) + -5 + (23 - (1 + 14))?
-52
Calculate -47 + 1 + 46 + -144 + 107.
-37
80 + 4 + 25 + -101
8
Evaluate (-3 - 35) + -160 + 175.
-23
Evaluate (9 + -8 - (-2 + 7)) + -19 + 36.
13
Evaluate 3 + 0 - ((66 - -89) + -130).
-22
What is the value of (10 + -16 - -9 - -49) + 29 + -11?
70
What is (-122 + 134 - (-7 - 27)) + -10?
36
Calculate -16 + (-21 - -96 - 21).
38
What is the value of -2 + (12 + -9 + 4 - 6) + -1 + 11?
9
Evaluate 2 + -19 + (55 - 36) + -5 + -2 + -7.
-12
What is 2 + 108 + (48 + -130 - -96)?
124
Evaluate 28 + -28 + 3 + 11 + -42.
-28
What is -22 + -7 - (16 + -4 + -21 - (1 + -5))?
-24
Calculate -22 + 8 - (-102 + (8 - 6) + 6 + 3).
77
What is the value of -222 - 41 - -98 - -141?
-24
Evaluate 2 + -3 + -69 + (113 - 261 - -164).
-54
(-15 + 3 + 11 - 1) + (37 - 101)
-66
Evaluate -7 - 45 - (-412 - -331).
29
What is 5 + 0 + 0 + (7 - (17 - 18))?
13
Calculate (-66 - -50) + -4 + 10 + -3 - (3 - -1).
-17
What is the value of 18 + (68 - (47 + -6))?
45
Calculate 60 + -30 + 5 - 57.
-22
-11 + 27 + -13 + (-6 - 7) + -6
-16
105 + (15 - 188) + 48
-20
Evaluate (0 - -2 - -7) + (14 - -58) + 3 - 4.
80
Calculate 3 - (-3 + (40 - 5)) - (83 + -76).
-36
What is -6 - ((1 - (-17 + -2)) + -9 - (-1 - -19))?
1
What is (2 - -33) + 17 + -33?
19
27 + (139 + (-46 - -16) - 37)
99
Evaluate -13 - -15 - -15 - (32 + -2).
-13
Calculate -9 + -117 + (141 - 150) + 5 + 0 + 3.
-127
Evaluate (6 + 19 - (22 - 9) - 0) + (105 - -1).
118
What is (-2 - 28) + (606 - 505)?
71
What is 31 - ((106 - 102) + 84)?
-57
Calculate 12 - ((30 + -7 - 35) + 14 + 0) - 11.
-1
Evaluate 33 + (-62 + 48 - -7).
26
Evaluate (62 - (22 + -7 + -3)) + (1 - -5).
56
Evaluate -221 - (140 + -53 - 187).
-121
Evaluate 9 + 1 - ((72 + -28 - -4) + -30) - -22.
14
What is 71 + -15 + -24 + 12 + 4?
48
What is (-38 - (1 - 4)) + -45 + 62 + -8?
-26
What is the value of 8 + 2 - ((113 - 134) + (37 - -1)) - -4?
-3
What is 0 - -1 - 11 - -14 - (-13 + -3)?
20
What is the value of (136 - 0) + 8 + -29 + 9 + 11 + -11?
124
What is the value of -53 + 77 + -3 - 12 - (-10 + 0 + 0)?
19
What is (11 - (58 + 1) - -3) + -4 + 10?
-39
Calculate (22 - (-83 + 166)) + 62.
1
What is the value of -3 - (-40 + -9 + 57 + (2 - (2 - 28)))?
-39
Calculate (-32 - (-1 + -40)) + -11 - -12.
10
(33 - (-5 - 6 - -36)) + -43
-35
-14 + -2 + -26 + 1
-41
What is 139 + -160 + (-7 - -11 - (12 + -1))?
-28
Calculate 88 + -94 - (-1 - -2 - (-2 + 4)).
-5
What is -4 - -6 - 10 - (-10 - 13) - (-54 - -152)?
-83
What is the value of -3 + -32 - (-86 - -82 - (-4 + 0))?
-35
(-34 - (-67 - -34)) + 66 + (-1 + 4 - 6)
62
What is the value of 103 + ((-10 - 11) + 42 - (7 - -2))?
115
What is the value of 202 + -193 - (24 - 2) - -17?
4
Evaluate -7 + 7 + (-10 - 8 - -15) - (-59 - -1).
55
Evaluate 17 - -5 - (1 + (1 - (2 - 6))) - -49.
65
-130 - (-21 + -13 + 1 + 15 + 3) - 3
-118
What is the value of 57 + -4 - (192 + -123)?
-16
What is the value of 11 + (18 - 71) + 26 - 17?
-33
Evaluate -262 - -243 - (-106 - 0) - 7.
80
Evaluate (-32 - -28) + 93 + -63.
26
What is the value of 136 + 2 + (-4287 - -4200)?
51
-16 + (-3 - (13 - (-8 - -23))) - -66
49
What is 2 + 0 + (-17 - -32 - -5) - -26?
48
What is (32 - -44) + -61 + 3 + 0?
18
Evaluate 16 + -2 - (39 - (-55 + (-28 - -61))).
-47
What is -39 + 41 + -14 - -55?
43
(84 - 0) + -15 + 31 + -12 + -36 + 20
72
31 + (-162 - (-61 - (-23 - 12)))
-105
0 + (-24 - (-16 + 36 - 41))
-3
What is the value of 98 + (100 - 100) + -80?
18
What is 8 + 2 - (37 - (-3 - -42))?
12
Evaluate -11 + (6 - (-10 + (-4 + 15 - -102))).
-108
What is the value of 14 + 8 + -3 + (-10 - (5 - 12 - 9))?
25
Calculate 1 - -56 - (7821 + -7760).
-4
What is the value of 2 + 6 + 1 - (-16 + -27 + 35 + 129)?
-112
What is 64 + -26 - 141 - (-6 + -21)?
-76
Calculate (9 - -18) + -21 + (-1 - 19) + 6 + -46.
-54
Calculate -6 + (-23 - -32) - (2 + 7) - -13.
7
Evaluate 41 + (-99 - -36) + 42.
20
Calculate 1 + -32 + (-14 + 10 + 6 - -15 - 5).
-19
Calculate -37 + 8 + (-14 - 18) - 26.
-87
Evaluate -10 - (-3 - 0) - (33 - (-1 - 19 - -7)).
-53
What is the value of -51 + (25 + -48 - -8) + 42?
-24
What is the value of -11 + (37 - -3) + -24?
5
-72 - (-183 - -47) - 12
52
What is (286 - 277) + (2 - (-5 + 9)) + 40?
47
Evaluate -24 + (0 - -9 - ((71 - 72) + 14)).
-28
What is 0 - (9 - (-7 - (8 + 1 - 19)))?
-6
-18 + 62 + (5 - (3 - -1) - 7)
38
-24 + 0 + (45 + -83 - (21 - 211))
128
What is 97 + -113 - (3 - 10 - 3) - -13?
7
What is the value of (-13 + 2 - (188 + -195)) + -82 + 2?
-84
Calculate 1 + (-71 - (4 - 45)).
-29
What is the value of 51 - (-19 + 10 - (0 - 16))?
44
What is -13 - (11 + 19 + -8 + 10)?
-45
What is the value of (-34 - 42) + 359 + -370?
-87
Evaluate 88 - (7 + -18 - (-5 + 15) - (-11 - -1)).
99
(42 - 51) + (-7 - (0 - 6)) - -43
33
What is the value of 0 + 48 + (-140 - -82)?
-10
18 - 0 - (7 + 13 + (9 - 45))
34
What is (383 - 417) + 0 + 15 + -84 + 5?
-98
What is the value of -16 + (-1 - -24) - (4 + 4) - 0?
-1
Evaluate -2488 + 2464 - (-19 - 0).
-5
-60 + -3 + (-1 - 15) + -1003 + 1016
-66
Evaluate -43 + (-1 - 2 - 2 - (-43 - (-19 - 11))).
-35
What is -1 - (28 + -1 + -5 + 42)?
-65
What is the value of 41 + (-40 - -32) + 21 + (3 - -2)?
59
Evaluate -2 - -13 - (583 - 574) - 95.
-93
What is the value of 18 - (-13 - (-12 + 13) - (-64 + 60))?
28
What is the value of 5 + (-57 - (-3 + -3)) - (-4 - -5)?
-47
What is the value of -475 - -434 - (30 + 8 + 1)?
-80
Calculate -27 - (65 + -51 - 25).
-16
Calculate 1 - 12 - (-68 - -27 - (5 + 6)).
41
Calculate 80 + 1 + 6 + -48 + 30.
69
32 - (-76 + 185 - 78)
1
What is -1 + (3 - 33) + 12945 + -12972?
-58
What is the value of ((-38 - -44) + -21 - -6) + 86?
77
What is (53 - 1 - 0) + (-2083 - -2065)?
34
2 - (-43 - 22 - (-26 + -11))
30
What is 6 - 85 - (462 - 500)?
-41
What is 0 - 0 - (54 + 4 + (-16 - -2))?
-44
What is 18 + 8 + (18 - -2) + -11 + 2?
37
What is the value of 45 - 0 - (55 - (39 - -24)) - 8?
45
Evaluate -4 + (-27 - (-21 - 18)) - 36.
-28
Calculate -2 + 4 + (-1 - 4) + -5 + 16.
8
Calculate -4 + (12 - (-4 - (-12 + -8))) - -8 - -123.
123
What is 41 + -22 - (0 + (25 - 9))?
3
What is the value of -44 + -17 + (14 - 8) + 29?
-26
Calculate (9 - (1 + (8 - 11)) - 0) + (0 - -2).
13
-13 + (-68 - -6) + 46
-29
What is the value of (19 - (-12 + 46)) + -42 + 18?
-39
(-228 - (-210 + 56)) + (6 - -1) + 0 - 11
-78
Calculate 9 - (14 - (-7 + 23 + -17 + 0)).
-6
663 + -732 - ((3 - 2) + 0 + (-3 - 2))
-65
Calculate 45 + -44 + -58 + 35 + 46 + -1.
23
Evaluate -17 + (50 - 75 - ((-2 - -8) + -5)).
-43
Calculate -23 - -184 - (0 + (13 - -35)).
113
Evaluate (-13 - (-133 - -192)) + 81.
9
Calculate -98 - (-69 + 6) - -113.
78
Evaluate (-19 - (10 - (-4 - (1 + -18)))) + -27.
-43
What is the value of -65 - (-71 - 14) - (79 - 0)?
-59
What is 1755 - 1650 - (0 + 35 + 0)?
70
Calculate -35 - ((37 - 23) + -63).
14
-91 + 134 - (-17 + (0 - 7))
67
What is 